?
2, 7
Let a be 141/9 + -6 + 2/(-3). Suppose 14*j - a*j - 620 = 0. List the prime factors of j.
2, 31
Let y(b) = -b**3 + 10*b**2 + b - 1. Suppose 3*s - u + 22 = 0, -3*u + 45 = -4*s + 9. Let w be 192/20 + s/(-15). What are the prime factors of y(w)?
3
Suppose -820 = 13*q - 8*q. Let z = q + 243. What are the prime factors of z?
79
Let q be 3 + (3 - 111)/3. Let a = q - -99. Suppose -y = -2*y + a. List the prime factors of y.
2, 3, 11
Suppose -65 = r - 6*r. Let i = -6 + r. Suppose 0 = i*m + 2 - 331. List the prime factors of m.
47
Let u = 2353 - 236. What are the prime factors of u?
29, 73
Let j(h) = h**3 + 10*h**2 + 9*h + 1. Let c be j(-9). Let u(x) = 4*x - 6. Let l(n) = -n + 1. Let p(i) = c*u(i) + 3*l(i). What are the prime factors of p(8)?
5
Suppose -2*x + 4634 = -2*f, 15*x - 3*f + 9296 = 19*x. List the prime factors of x.
11, 211
Suppose 0 = 2*x + 27 - 115. Let a = 116 - x. List the prime factors of a.
2, 3
Suppose -72637 = -11*m - 8518. List the prime factors of m.
3, 29, 67
Suppose -76145 + 29903 = -18*u. What are the prime factors of u?
7, 367
Let f(o) = -o**3 + 4*o**2 + 3*o + 7. Let n be f(5). Let h be ((-1)/(-1))/((-2)/(2*-54)). What are the prime factors of (-1 + -1)/(n/h)?
2, 3
Let u(p) = p**3 - 7*p**2 - 5*p + 4. Suppose -5*b = -13 - 17. Let f be u(b). What are the prime factors of 1 - (f + (-2)/(-1))?
61
Suppose -c = 5*h - 640, -3*c + 2*h = -3*h - 1960. What are the prime factors of c?
2, 5, 13
Let b = 5 - 9. Let o = 2 - b. Suppose 0 = -g + 1 + o. What are the prime factors of g?
7
Suppose -12 = 4*q, -a - 5*q = 2*a - 2274. List the prime factors of a.
7, 109
Let b(x) = x**3 - 8*x**2 + 3*x - 12. Let q be b(8). Let j = q + 1. What are the prime factors of j?
13
Let w(h) = h - 7. Let c be w(9). Suppose 3*k - 5*o = 121, 0 = -c*o - 0 + 2. What are the prime factors of k?
2, 3, 7
Let g = 400 + -313. Suppose u + 0*u = 3*z - 103, -3*u - 57 = -2*z. Suppose o + z = g. List the prime factors of o.
3, 17
Suppose -2*c = 2*l + 5 + 1, -4*c = l - 9. List the prime factors of (-88)/(-14) + 2/l.
2, 3
Suppose 3*a + k = 12, 7*k - 8 = -2*a + 2*k. Let o be (a + 8)*(-3)/(-12). Suppose 5*i - 22 = o*i. What are the prime factors of i?
11
Suppose 5*h = -5*t + 15070, 12*h = 7*h - 10. List the prime factors of t.
2, 13, 29
Let g(i) = 3*i + 31. Let k be g(-12). What are the prime factors of k/(-10)*(-1 - -229)?
2, 3, 19
Let t(p) be the second derivative of -p**3/6 + 9*p**2/2 + 4*p. Let y be t(0). Let m = y - 2. List the prime factors of m.
7
Let d(h) = 3*h**2 + 9*h - 102. What are the prime factors of d(6)?
2, 3, 5
What are the prime factors of (-1686)/12*(-21 + -1 + 0)?
11, 281
List the prime factors of ((-6)/(-5))/(6/2960).
2, 37
Suppose 6*s + 14*s = 17140. List the prime factors of s.
857
Let f(a) be the second derivative of -7*a + 0 - 13/20*a**5 - 1/12*a**4 - 1/3*a**3 - 1/2*a**2. List the prime factors of f(-1).
13
Let f = -349 - -529. What are the prime factors of f?
2, 3, 5
Let j be 21/28 - (-185)/4. Suppose -g = 2*l - 33, 3*l - 7 = 3*g + j. What are the prime factors of l + 3 + 4/(-4)?
19
Let f = 14 + 346. List the prime factors of f.
2, 3, 5
Suppose -4*f - 416 = -8*f. Let y = f + -62. What are the prime factors of y?
2, 3, 7
List the prime factors of ((-4 - 302) + -3)*(-3)/3.
3, 103
Suppose -5*k = 4*x + 117, -2*x = -3*k - 33 - 46. Let c = 2 + 3. Let f = c - k. What are the prime factors of f?
2, 3, 5
Suppose -8*c = -5*c + 48. Let s = 19 + c. Suppose 0 = -2*n + s*n - 9. What are the prime factors of n?
3
Suppose -19*b = -20*b - 106. Let v = b - -164. What are the prime factors of v?
2, 29
Let z = 87 - 83. Suppose 4*r - 4*o = 360, 4*r - 322 = -z*o + 70. List the prime factors of r.
2, 47
Suppose -8*q + 80 = -3*q. Let v = 0 + 4. Suppose 2*l - q = v*d, -3*l - 3*d = -l - 30. List the prime factors of l.
2, 3
Suppose 5*f + 4 = d - 10, -d - 5*f - 6 = 0. Suppose d*h = -3*y + 292, 0 = 5*h - 2*y - 338 - 50. What are the prime factors of h?
2, 19
What are the prime factors of (-138043)/146*2/(3/(-3))?
31, 61
Let m be (-12)/(-3)*(-8)/(-4). Let y(p) = 11*p**2 + p**3 - m*p**2 - 16*p + 10*p**2 + 8 - 2*p**2. List the prime factors of y(-12).
2, 7
Let a(x) = 2*x**2 + 6*x - 6. Let o be a(-5). Let m = o - 26. List the prime factors of m/16*-38*2.
3, 19
Suppose -20*t = -22*t + 6. Suppose t*m = -3*v + 51, 2*v - 39 = -2*m + v. What are the prime factors of m?
2, 11
Let c(j) = -1. Let k = 12 - 13. Let s(i) = i - 13. Let f(m) = k*s(m) + 3*c(m). What are the prime factors of f(-7)?
17
Let h = 43 - -337. Let l = h - 204. List the prime factors of l.
2, 11
Let s(r) = r + 13. Suppose -w - 10 = -0. Let j be s(w). Suppose 20 = 3*z - o, -j*z + 3*o + 35 = 5. What are the prime factors of z?
5
Let s = -48 - -42. What are the prime factors of 19 - s - -1*4?
29
Let s(i) = i**2 + 3*i - 4. Let c be s(-4). Let r = -16 - c. List the prime factors of 0/1 + 3 - r.
19
Let v = 83 + -75. Suppose v*a - 5*a - 180 = 0. List the prime factors of a.
2, 3, 5
Let o(t) = t**2 + 6*t + 9. Let h = 7 + -14. What are the prime factors of o(h)?
2
Let r(g) be the third derivative of 0*g**4 - g**2 + 10/3*g**3 + 0 + 17/60*g**5 + 0*g + 1/120*g**6. List the prime factors of r(-17).
2, 5
List the prime factors of -4*1779/(-12) - (4 - 3).
2, 37
List the prime factors of (2/3)/(10/195).
13
Let y(r) = -3*r**3 - 15*r**2 - r - 6. Let j be y(-6). Suppose -8*w - 2*l + 180 = -3*w, 0 = 3*w - 2*l - j. List the prime factors of w.
2, 3
Let y = 51 - 49. Suppose -y*b = -15*b + 2392. List the prime factors of b.
2, 23
Let m = -90 + 64. Let q be (-2)/(4 + 108/m). Let k = 27 - q. List the prime factors of k.
2, 7
Suppose -6 = 5*d - 16. Suppose 5*y - 2*j = 2, 4*j = -d*y + 4*y - 4. Suppose 5*z + g = -y*g + 139, 5*z - 5*g - 145 = 0. List the prime factors of z.
2, 7
Let w(j) = 8 + 3 - 3 - j**2 + 31*j - 51*j. What are the prime factors of w(-20)?
2
Let c be (-25)/2*132/(-15). Let t = c - 60. What are the prime factors of t?
2, 5
Let f(d) = 36*d + 1132. What are the prime factors of f(0)?
2, 283
Suppose -19*y + 1266 = -9241. What are the prime factors of y?
7, 79
Let h(c) = 9*c - 31. Let s(q) = 35*q - 124. Let x(d) = -22*h(d) + 6*s(d). What are the prime factors of x(22)?
2, 101
Let m be 8 - ((-4 - -10) + -2). Suppose 0 = a, m*s = 6*a - 2*a - 612. What are the prime factors of (s/(-6))/(5/10)?
3, 17
List the prime factors of (-15)/(-30)*(10616/4 + 0).
1327
Suppose 5*y - 21 = 4*q + 16, -4*y + q + 23 = 0. Suppose -y*c - 3 = -2*c. Let a = c + 4. List the prime factors of a.
3
Suppose 0 = -4*m + 5*w + 2 - 3, 0 = m + w - 2. Let t be (-1)/(m/(-16))*3. Suppose -5*d + t = -77. What are the prime factors of d?
5
Let u = 2256 + -1022. What are the prime factors of u?
2, 617
Suppose -9*l + 4*l - 110 = 0. Let c = -13 - l. List the prime factors of 74/9 - 2/c.
2
Let a = -10 - -10. Let u = 13 + -13. Suppose a = 2*o - 3*o - p + 17, u = 2*o - 2*p - 46. List the prime factors of o.
2, 5
Suppose -3*r = -r - 4*j - 52, -20 = -r + 4*j. Suppose -r - 60 = -m. Suppose 2*k = 3*c - m, -5*c + 147 = 5*k - 2*k. What are the prime factors of c?
2, 3, 5
Suppose 4*t + 1187 = 3*d, -5*t - 5*d + 8*d - 1483 = 0. Let y = 414 + t. What are the prime factors of y?
2, 59
Suppose 3*o = o - 28. What are the prime factors of (o/3 + 3)*3/(-1)?
5
Let w be 12/42 + (-2)/7 - -122. Suppose p = 128 - w. List the prime factors of p.
2, 3
Suppose -47*o - 612 = -41*o. Let p = -73 - o. List the prime factors of p.
29
Let t(f) = f**3 + 14*f**2 + 14*f + 16. Let p be t(-13). Suppose r - 130 = -v, -p*r = 2*v - 5*v + 390. What are the prime factors of v?
2, 5, 13
Suppose 5*w - 20 = 2*n, 5*w = -5*n + 3*w - 108. Let p be 3/(12/(-8))*n. Suppose -v + p = v. List the prime factors of v.
2, 5
Suppose 40 = 5*i - 0*i. Let k(w) = w + 7*w**3 + 9*w**2 - 8*w**3 + 8 - 9*w. What are the prime factors of k(i)?
2
Let h(v) = 4*v**3 - 2*v**2 + 23*v - 18. List the prime factors of h(9).
3, 109
Let n be (-4)/2 + 2 + 3. Suppose 0*l - 3*l - n = 0. Let h = 23 + l. List the prime factors of h.
2, 11
Let l = -4 + 16. Let h be 66/14 + l/42. Suppose -h*g - 28 = -9*g. List the prime factors of g.
7
Let n(w) = 4*w**2 - 4*w + 6. Let l be n(3). Let z be (-1)/2 + 87/(-6). Let r = l + z. What are the prime factors of r?
3, 5
Suppose 2*w = u - 452, 3386 = 5*u + w + 1082. What are the prime factors of u?
2, 5, 23
Let j be 174 